e highest common divisor of 168 and m.
21
Let v(t) = t**3 - 23*t**2 + 3*t - 68. Let f be v(23). Suppose -4*z + 11 = -3*z. What is the highest common divisor of f and z?
1
Suppose -3*j + 6*j + 4*i - 53 = 0, -4*j - i + 62 = 0. Suppose -3*b + 2430 = j*b. What is the highest common factor of 15 and b?
15
Let b(t) = 5*t + 160. Let q be b(25). What is the highest common divisor of 323 and q?
19
Let j be (-17*(-2 + 1) - 2) + -2. Let v(y) = 28 - 23*y - 6*y - 8*y**2 + 4*y + 11*y**2. Let u be v(j). Calculate the greatest common divisor of 21 and u.
21
Suppose 11*s = 12*s - 3. Suppose 2*t = -2*t - 16, -s*t = 3*x - 156. Calculate the greatest common factor of 168 and x.
56
Let i(u) = -61*u + 1297. Let d be i(5). What is the greatest common divisor of 16 and d?
16
Suppose -33 + 3 = -c. Suppose -471*o - t = -469*o - 179, -3*t = 2*o - 177. What is the greatest common factor of o and c?
30
Let d = 33453 + -33433. Calculate the greatest common factor of 2180 and d.
20
Suppose -18*k = -24*k + 66. Suppose -2*j - 4*s = -458, 10*j - k*j = s - 230. Calculate the greatest common divisor of j and 21.
21
Let b be 0/(-1)*(-23)/(-69). Let k(t) = -t**3 + 5*t + 108. Let g be k(b). Calculate the greatest common factor of g and 594.
54
Suppose -5*k = 4*h - 17707, -2*h = 4*k - 8829 - 17. Suppose 136*m - 125*m - h = 0. Calculate the highest common factor of m and 31.
31
Suppose 2*a = -10, 73*g = 71*g - 3*a + 673. Calculate the greatest common factor of 43 and g.
43
Suppose 2*s - 52 = -16. Suppose -5*d - 17*j + 12*j = -740, 2*d - 300 = -3*j. What is the greatest common factor of s and d?
18
Let f be 4/1*8225/100. Let r = f + -319. Calculate the greatest common divisor of r and 500.
10
Let s(m) = -244*m + 180. Let y be s(-4). Let p = y - 675. What is the highest common divisor of 74 and p?
37
Let z be (-28 - 3)/(-3 + 2). Let g(m) = -2*m**3 + 4*m**2 - m - 55. Let p be g(-9). Suppose -15*n + 7*n + p = 0. Calculate the highest common factor of z and n.
31
Suppose 4*z - 7 = -3*a, -5*a + 71*z + 35 = 66*z. What is the greatest common factor of a and 150?
5
Let r = 99 + -48. Suppose -18*n - 325 - 53 = 0. Let u be (14/n)/((-2)/r). Calculate the highest common divisor of u and 85.
17
Let x = 36 + -3. Suppose -4*u + x = 1. Suppose j - 55 = 3*s, 140 = 3*j - 3*s - s. What is the highest common divisor of u and j?
8
Let v(b) = 238*b - 1036. Let z be v(5). Calculate the greatest common factor of z and 133.
7
Suppose 7*f = 12*f - 115. Suppose -5*m + 0*g + 2*g = -f, 3*g + 21 = 3*m. Suppose m*i - 260 - 388 = 0. What is the highest common factor of i and 24?
24
Suppose 0 = -x - 4*i + 19022, -2*x + 15*i + 37972 = 14*i. What is the greatest common divisor of x and 90?
90
Suppose -h = 2*h - 18. Let v be 8 - (1 - (-11)/((-55)/325)). What is the greatest common divisor of v and h?
6
Let n = -420 + 591. Let a = 911 - 892. What is the highest common factor of a and n?
19
Let l(p) = p - 1. Let j be l(3). Let z(r) = 9*r**j - r**3 + 6*r**3 - 6*r**3 + 16 - 5*r. Let b be z(8). Calculate the highest common factor of b and 5.
5
Let s = -74 + 74. Let r be 28/4 - (s + -3). What is the highest common divisor of r and 70?
10
Let x(k) be the first derivative of -21*k**2/2 - 98*k + 8. Let j be x(-6). What is the highest common factor of j and 16?
4
Let a be (-28)/35 + 688/10. Let i = -46 - -114. Calculate the greatest common factor of a and i.
68
Let v be 0/(-6 + 2) - (-523 - 4/(-4)). Calculate the greatest common divisor of v and 9222.
174
Let g be 2 + (-30)/6 - (1 - 4). Suppose g*m + 4*m + 1268 = 4*f, 2*f = 5*m + 628. What is the highest common factor of f and 11?
11
Let m(y) = -7*y - 19. Let i be m(-3). Suppose 0 = b + 2, -8 = -i*p + 17*b - 15*b. Calculate the greatest common factor of 34 and p.
2
Let n be (-10)/3*162/(-12). Suppose -n*v = -48*v + 120. Calculate the highest common factor of v and 60.
20
Let b(v) = 10*v**2 - 16*v + 168. Let k be b(-9). Calculate the greatest common factor of 264 and k.
66
Suppose 3*h + 2 + 10 = k, k = -h. Suppose -3*w = 3*j - 693, -k*w - 2*j + 4*j + 688 = 0. Calculate the highest common divisor of w and 46.
46
Let i(y) = -461*y + 729. Let r be i(-10). What is the greatest common divisor of r and 95?
19
Let a(z) = -2*z**2 - z**2 - 2*z + 3*z**3 + z**2 - 5*z**3. Let n = 80 - 82. Let o be a(n). What is the highest common divisor of 3 and o?
3
Suppose -5*p + 0*m = 3*m - 8, -5*m = 2*p + 12. Suppose 0*i + p*i - 96 = 0. Suppose 6*r - 7*r + 3 = 0. What is the highest common factor of r and i?
3
Let b(f) = -11*f - 1. Let l be b(-1). Let w = -400 + 373. Let j be 3*((-80)/9)/(18/w). Calculate the greatest common factor of j and l.
10
Let u(v) = v**2 - 20*v + 31. Let l be u(24). Suppose 99 = l*w - 124*w. What is the highest common factor of w and 176?
11
Let v = -10 - -7. Let k be (-6)/(-18) + (-164)/v. Let n(x) = -x**2 + 26*x + 38. Let h be n(27). Calculate the highest common factor of h and k.
11
Let z = -1924 - -1938. Calculate the highest common factor of 2177 and z.
7
Let h(z) = 83*z + 8412. Let q be h(-99). Calculate the greatest common divisor of 1417 and q.
13
Suppose 6*w = -561 + 555. Let i be 289/(w*45/10 - -5). What is the highest common factor of i and 34?
34
Let h be ((-3145)/(-111))/((-5)/(-6)). Let m = 1025 + -447. What is the greatest common factor of m and h?
34
Suppose -4*o + 3922 = -2*x, o - 369 - 610 = 2*x. Calculate the greatest common divisor of o and 27.
9
Let k be (1 - 2)*6/(-2) - 6. Let l(y) = -2*y**3 - 2*y**2 + 6*y - 4. Let g be l(k). Suppose 11*z - g*z = -6. Calculate the greatest common divisor of z and 2.
2
Suppose -39*w = -38*w - 12. Let o be -13*(-6)/w - (-1)/(-2). Calculate the highest common factor of o and 27.
3
Let d be (-5)/2*(-2 - (-9 - -11)). Suppose -10 = -d*l + 90. Let f = -58 + 83. Calculate the highest common divisor of l and f.
5
Suppose 0 = -4*q - q + 5*r + 20, -3*q - r - 4 = 0. Suppose 3*c + q*c = 21. Suppose -c = -4*w + 3*w. Calculate the highest common divisor of 14 and w.
7
Let h(x) = -771*x + 21620. Let y be h(28). Let v be (-1185)/(-1) - (-2)/(-2). What is the highest common divisor of y and v?
32
Suppose 6*x - 177 = -3. Let l(p) = 2*p + 52 - 24 - x. Let g be l(5). Calculate the greatest common factor of g and 72.
9
Let m(l) = 4*l**3 - 22*l**2 + 22*l - 24. Let p be m(11). What is the greatest common divisor of 36 and p?
36
Let l = -272 - -329. Suppose 13*f - 53 = -2*g + 10*f, 0 = 2*g - f - l. What is the highest common factor of 7 and g?
7
Suppose -1222 = -95*i + 2768. What is the greatest common factor of i and 2058?
42
Let l(k) = -2*k**3 + 45*k**2 + 74*k - 26. Let j be l(22). Calculate the greatest common factor of 42 and j.
14
Suppose -p = -2*r + 7283, 2*r + 4*r - 2*p = 21842. What is the greatest common divisor of 306 and r?
34
Let j(o) = -o**3 + 41*o**2 - 46*o + 303. Let u be j(40). Let x = 10 - 15. Let a = x + 12. What is the greatest common factor of u and a?
7
Let l = 280 - 271. Let x be 1205/50 - l/90. Let r = -43 - -67. What is the highest common divisor of r and x?
24
Suppose -c + q = -4, -4*q = c - 2 + 18. Let o(v) = 2*v + 28. Let a be o(c). Calculate the greatest common divisor of a and 196.
28
Suppose -j + 2 = -5*s + 20, 3*s + 4*j - 20 = 0. Let d be 701 + 1 + 0/s. Suppose 0*g - d = -9*g. Calculate the greatest common factor of 52 and g.
26
Suppose 3*u + u - f = 1235, -955 = -3*u - 5*f. Let z = -42209 - -42239. Calculate the highest common factor of u and z.
10
Suppose 15*l + 6 - 36 = 0. Suppose -4*t + l*i = 2 - 20, -2*t = -2*i - 14. Calculate the highest common factor of 50 and t.
2
Suppose -1119 = -3*k - 1089. What is the highest common factor of k and 695?
5
Let n be 6*((-689)/(-26) - (7 + 0)). Calculate the highest common factor of n and 2301.
39
Let y = 2789 - 2026. What is the highest common divisor of 14 and y?
7
Suppose -10*z + 69*z = 73455. What is the highest common divisor of z and 5?
5
Let t = 179 - 172. Suppose 0 = 4*q + 5*p - 28, -2*q + 0*q = -4*p - 40. Let l be 14/(3/q - 0). Calculate the greatest common factor of t and l.
7
Suppose 0*s = -5*s + 20. Suppose -5*b - 4*h = -397, -s*b + 2*b + 164 = -h. Calculate the greatest common factor of 6 and b.
3
Let j be -7 + 668 + -9 - -14. Calculate the greatest common factor of j and 148.
74
Suppose -2*q = 2*q - 48. Let i be (-4)/(q/(-15)) + 3. Suppose -4*k + k = 4*l - 24